hat is 1476805 - -281?
1477186
In base 9, what is -2 + -783560?
-783562
In base 8, what is 42 + -13326665?
-13326623
In base 11, what is 353a7 + -274?
35133
In base 3, what is 122212011112 - 210?
122212010202
In base 7, what is 5234654211 - 1?
5234654210
In base 16, what is -2 - dbe6d?
-dbe6f
In base 14, what is 2 - -19d4044?
19d4046
In base 8, what is 311364 + -356?
311006
In base 14, what is 383 + b4465?
b4808
In base 15, what is -3803eb - 2?
-3803ed
In base 6, what is -24005254 + 4?
-24005250
In base 16, what is -5 - -26aac67?
26aac62
In base 10, what is -2659 + -62569?
-65228
In base 7, what is 303 - -21340306?
21340612
In base 14, what is -108414b + -18?
-1084165
In base 3, what is -20200102 - 102221102?
-200121211
In base 12, what is 77894b - 5?
778946
In base 4, what is 301210102221 - 11?
301210102210
In base 2, what is 10001111100 + -10010100110?
-101010
In base 5, what is -211400442 - 1002?
-211401444
In base 16, what is 5 - -c134b?
c1350
In base 16, what is 30f - -4f8?
807
In base 2, what is -10010001110110111001 + 100100?
-10010001110110010101
In base 10, what is -72694441 - 0?
-72694441
In base 3, what is 10 + 201200101211101?
201200101211111
In base 7, what is -23351 - 365436?
-422120
In base 12, what is 4315107 - 18?
43150ab
In base 4, what is 32313102 + 3011?
32322113
In base 11, what is -329 + 407a?
3851
In base 3, what is -2110000201 + -22021111?
-2202022012
In base 12, what is 12a7 - -1055b?
11846
In base 13, what is -2c93 - 1b28?
-4abb
In base 11, what is -5 + 22168043?
22168039
In base 3, what is 100122110 + -2010221?
21111112
In base 11, what is -1299a5976 - -2?
-1299a5974
In base 15, what is -363 - 200e8?
-2045b
In base 7, what is -4311 - 3050?
-10361
In base 5, what is 4 - 21243430344?
-21243430340
In base 14, what is 1c768 - 697?
1c0b1
In base 10, what is -60 + 617411?
617351
In base 4, what is -1013312203001 + -2?
-1013312203003
In base 8, what is -20745 - 260315?
-301262
In base 12, what is 856b43 + -2?
856b41
In base 13, what is -106317a + 74?
-1063106
In base 15, what is 4e7d41 + 69?
4e7daa
In base 7, what is 10234 + 6400?
16634
In base 11, what is 121a5a58 - 3?
121a5a55
In base 10, what is -10979 + 3336?
-7643
In base 11, what is 21 - 981a0?
-9817a
In base 2, what is 10101111011011 - -1001001110011?
11111001001110
In base 4, what is -131031 - -1302301?
1111210
In base 15, what is -1b748 + -d?
-1b756
In base 13, what is 3baa8 + 33?
3bb0b
In base 2, what is -1 + 10011101001111110110100111?
10011101001111110110100110
In base 12, what is 25 - -2019495?
20194ba
In base 16, what is -6b0a5c + 12?
-6b0a4a
In base 4, what is 310023123 + 10?
310023133
In base 14, what is -17d2a3 - -28?
-17d279
In base 11, what is -5 - 588282?
-588287
In base 6, what is -5 + -10350542?
-10350551
In base 3, what is -22001211121001200 - -2?
-22001211121001121
In base 9, what is 40 + -467635?
-467585
In base 14, what is 265 - -5a5?
82a
In base 15, what is -3 + -252be43?
-252be46
In base 8, what is 405 - -43772?
44377
In base 13, what is 17b - -1514c?
152ca
In base 16, what is -2bbbd3 - 12?
-2bbbe5
In base 5, what is 10024331413 - 2?
10024331411
In base 16, what is 206 - -6699?
689f
In base 3, what is 1211 + 110022222221?
110100001202
In base 6, what is -31 - 335511135?
-335511210
In base 15, what is 39bb + 4e?
3a1a
In base 15, what is 99 - -281a38?
281ad2
In base 6, what is -250 - 300155?
-300445
In base 6, what is -43310301042 + 3?
-43310301035
In base 16, what is 4 + 3d30ec7?
3d30ecb
In base 2, what is 100110110000010100101001100 - -11?
100110110000010100101001111
In base 15, what is -4646 + 530c?
bb6
In base 8, what is 145077405 - 25?
145077360
In base 14, what is 102c2d - -125?
102d54
In base 13, what is -4 - -17a51c9a?
17a51c96
In base 4, what is 1313023 + 332022?
2311111
In base 11, what is -509 - 225a01?
-22640a
In base 6, what is 43241554 - -133?
43242131
In base 11, what is -42 - 9a5974?
-9a5a06
In base 8, what is 3541 - 52754?
-47213
In base 11, what is 269773a + 25?
2697764
In base 16, what is -10c351 + -ad?
-10c3fe
In base 16, what is 1 + 1b6a5c?
1b6a5d
In base 12, what is -19b7902 - -71?
-19b7851
In base 6, what is -2144523 + 242?
-2144241
In base 8, what is -4 - 75205716?
-75205722
In base 7, what is 422 - 101033?
-100311
In base 16, what is -94 - -2791fa?
279166
In base 16, what is 1 - -6df0a86?
6df0a87
In base 7, what is -31432 - -216016?
154254
In base 13, what is 1b7a13b - -1?
1b7a13c
In base 9, what is 13358 - -2021?
15380
In base 3, what is -2220201021101 + 20?
-2220201021011
In base 14, what is 15166 - -b3?
15239
In base 8, what is 466045 + -10?
466035
In base 16, what is -43 + d13a?
d0f7
In base 3, what is 202010002202010 + -11?
202010002201222
In base 14, what is -5 + -32ca76?
-32ca7b
In base 10, what is -1358914 - -3?
-1358911
In base 2, what is 10000101100101011 + 11001?
10000101101000100
In base 8, what is -1 + 246501605?
246501604
In base 5, what is 34033132034 + -10?
34033132024
In base 2, what is 1000011111011011 - -10010101011000?
1010110100110011
In base 4, what is -1212 - -20111013213?
20111012001
In base 3, what is -222002 - -100002011?
22010002
In base 10, what is -17 + 329195?
329178
In base 11, what is 3 - 354aa939?
-354aa936
In base 12, what is -18272 + a280?
-9bb2
In base 2, what is -10000110101111011101010 - -101?
-10000110101111011100101
In base 4, what is 21000020 + 2003?
21002023
In base 9, what is -2101360 + 584?
-2100665
In base 15, what is -1073 + 376?
-bec
In base 14, what is -1aac + abb3?
9105
In base 2, what is -10100100010010111100111001 - -1?
-10100100010010111100111000
In base 11, what is 1415 + -28244?
-2692a
In base 9, what is -1566541760 - -2?
-1566541757
In base 3, what is -221121 + 2102120100?
2101121202
In base 8, what is -112351 + 327?
-112022
In base 7, what is -5046260 + 543?
-5045414
In base 4, what is -20 - -112113021131?
112113021111
In base 8, what is -1176015 - 1502?
-1177517
In base 15, what is -220c99a - 5?
-220c9a0
In base 4, what is -3002231033010 - -11?
-3002231032333
In base 7, what is -24 - -115012?
114655
In base 11, what is 2a - a0526?
-a04a7
In base 7, what is -334 + 416014?
415350
In base 11, what is 1a - 751547?
-751528
In base 8, what is -21044616 + -32?
-21044650
In base 14, what is -d17 - 4bc3?
-5ada
In base 10, what is 768831 + -94?
768737
In base 16, what is -a + 15d94f?
15d945
In base 15, what is a - -827c06?
827c11
In base 8, what is -4732 - -1346216?
1341264
In base 15, what is 50a93d5 + 1?
50a93d6
In base 10, what is 3 + 34093586?
34093589
In base 9, what is 155315 - 4618?
150586
In base 9, what is -304238568 + 6?
-304238562
In base 16, what is 31af25 + 27?
31af4c
In base 11, what is -3608 + 29678?
26070
In base 12, what is 1 - 870541?
-870540
In base 9, what is -50330 + -176?
-50516
In base 7, what is -11 - -1303413105?
1303413064
In base 6, what is 204115310252 + 5?
204115310301
In base 12, what is 154 + 1a63?
1bb7
In base 3, what is -21000101 - -1221022102?
1200022001
In base 11, what is -19059155 - -5?
-19059150
In base 14, what is 183 - -2a283?
2a426
In base 12, what is 97a060 + -6?
97a056
In base 16, what is -305cc8 - -2?
-305cc6
In base 3, what is 1012211 + -112220122?
-111200211
In base 7, what is 13 + -20014431?
-20014415
In base 5, what is -1333323134 + -2?
-1333323141
In base 12, what is -248 - -84b80?
84934
In base 6, what is -3411454233 - -5?
-3411454224
In base 14, what is 54 - -4905?
4959
In base 10, what is 30728 - 400?
30328
In base 15, what is -3 + -173e85d?
-173e861
In base 8, what is -340446236 - 25?
-340446263
In base 8, what is -2063 + -4151?
-6234
In base 11, what is -36842a + -15?
-368444
In base 2, what is 1000111011110 + 1001000000111?
10001111100101
In base 13, what is -4 + 1046b90?
1046b89
In base 2, what is -101001000110100100111010 + 100?
-101001000110100100110110
In base 9, what is -3 + 17863285?
17863282
In base 16, what is 17c754 + 103?
17c857
In base 10, what is -1170542 + -4?
-1170546
In base 3, what is 101 + 220022220100211?
220022220101012
In base 9, what is -764350 - 40?
-764400
In base 13, what is -1797a7 - 108?
-1798b2
In base 12, what is -19567a - 21?
-19569b
In base 14, what is 6a5 + 4da0a?
502b1
In base 2, what is 10001011111101010 + -11000000?
10001011100101010
In base 11, what is -40587 - -8?
-4057a
In base 14, 